{"id":18,"date":"2024-10-16T11:15:48","date_gmt":"2024-10-16T09:15:48","guid":{"rendered":"https:\/\/nebulus3d.com\/?page_id=18"},"modified":"2025-10-05T14:22:28","modified_gmt":"2025-10-05T12:22:28","slug":"a-propos-de-nebulus-3d","status":"publish","type":"page","link":"https:\/\/nebulus3d.com\/index.php\/a-propos-de-nebulus-3d\/","title":{"rendered":"A propos de Nebulus 3D"},"content":{"rendered":"\n<figure class=\"wp-block-image aligncenter size-full\"><img loading=\"lazy\" decoding=\"async\" width=\"449\" height=\"329\" src=\"https:\/\/nebulus3d.com\/wp-content\/uploads\/2025\/01\/logo_nebulus3D.png\" alt=\"\" class=\"wp-image-84\" srcset=\"https:\/\/nebulus3d.com\/wp-content\/uploads\/2025\/01\/logo_nebulus3D.png 449w, https:\/\/nebulus3d.com\/wp-content\/uploads\/2025\/01\/logo_nebulus3D-300x220.png 300w\" sizes=\"auto, (max-width: 449px) 100vw, 449px\" \/><\/figure>\n\n\n\n<h2 class=\"wp-block-heading\">Le pourquoi &#8211; ? &#8211;<\/h2>\n\n\n\n<p>L&rsquo;objectif de NEBULUS 3D est de vous proposer diff\u00e9rentes offres allant de l&rsquo;impression 3D \u00e0 la demande aux ateliers cr\u00e9atifs. Soucieux d&rsquo;avoir un impact minimal sur l&rsquo;environnement, les ateliers dit low-tech, propos\u00e9s \u00e0 Aucamville, Toulouse et aux alentours sont r\u00e9alis\u00e9s principalement avec des mat\u00e9riaux recycl\u00e9s et\/ou de seconde main. De plus, l&rsquo;utilisation d&rsquo;outillage \u00e9lectrique est r\u00e9duite au maximum, ici l&rsquo;huile de coude et la bonne humeur sont les principales \u00e9nergies mises en oeuvre.<\/p>\n\n\n\n<p>Merci de prendre contact pour toutes demandes d&rsquo;information.<\/p>\n\n\n\n<div class=\"wp-block-buttons is-layout-flex wp-block-buttons-is-layout-flex\">\n<div class=\"wp-block-button\"><a class=\"wp-block-button__link wp-element-button\" href=\"https:\/\/nebulus3d.com\/index.php\/contact\/\">Contact<\/a><\/div>\n<\/div>\n\n\n\n<p>Qui est derri\u00e8re NEBULUS 3D:<br>Damien Ceus, 34 Rue des Catalpas, 31140 Aucamville.<\/p>\n\n\n\n<p>NOTE: l&rsquo;accueil de la client\u00e8le sur site se fait uniquement sur rendez-vous (par t\u00e9l\u00e9phone ou email).<\/p>\n\n\n\n<p>www.nebulus3D.com est h\u00e9berg\u00e9 chez OVH SAS &#8211; 2 rue Kellermann &#8211; 59100 Roubaix &#8211; France. OVH SAS est une filiale de la soci\u00e9t\u00e9 OVH Groupe SA, soci\u00e9t\u00e9 immatricul\u00e9e au RCS de Lille sous le num\u00e9ro 537 407 926 sise 2, rue Kellermann, 59100 Roubaix<\/p>\n","protected":false},"excerpt":{"rendered":"<p>Le pourquoi &#8211; ? &#8211; L&rsquo;objectif de NEBULUS 3D est de vous proposer diff\u00e9rentes offres allant de l&rsquo;impression 3D \u00e0 la demande aux ateliers cr\u00e9atifs. Soucieux d&rsquo;avoir un impact minimal sur l&rsquo;environnement, les ateliers dit low-tech, propos\u00e9s \u00e0 Aucamville, Toulouse et aux alentours sont r\u00e9alis\u00e9s principalement avec des mat\u00e9riaux recycl\u00e9s et\/ou de seconde main. De [&hellip;]<\/p>\n","protected":false},"author":1,"featured_media":0,"parent":0,"menu_order":0,"comment_status":"closed","ping_status":"closed","template":"","meta":{"_monsterinsights_skip_tracking":false,"_monsterinsights_sitenote_active":false,"_monsterinsights_sitenote_note":"","_monsterinsights_sitenote_category":0,"footnotes":""},"class_list":["post-18","page","type-page","status-publish","hentry"],"_links":{"self":[{"href":"https:\/\/nebulus3d.com\/index.php\/wp-json\/wp\/v2\/pages\/18","targetHints":{"allow":["GET"]}}],"collection":[{"href":"https:\/\/nebulus3d.com\/index.php\/wp-json\/wp\/v2\/pages"}],"about":[{"href":"https:\/\/nebulus3d.com\/index.php\/wp-json\/wp\/v2\/types\/page"}],"author":[{"embeddable":true,"href":"https:\/\/nebulus3d.com\/index.php\/wp-json\/wp\/v2\/users\/1"}],"replies":[{"embeddable":true,"href":"https:\/\/nebulus3d.com\/index.php\/wp-json\/wp\/v2\/comments?post=18"}],"version-history":[{"count":16,"href":"https:\/\/nebulus3d.com\/index.php\/wp-json\/wp\/v2\/pages\/18\/revisions"}],"predecessor-version":[{"id":220,"href":"https:\/\/nebulus3d.com\/index.php\/wp-json\/wp\/v2\/pages\/18\/revisions\/220"}],"wp:attachment":[{"href":"https:\/\/nebulus3d.com\/index.php\/wp-json\/wp\/v2\/media?parent=18"}],"curies":[{"name":"wp","href":"https:\/\/api.w.org\/{rel}","templated":true}]}}